mposite number?
False
Let n = 212983 + -37950. Is n composite?
True
Let z = 11 - -10. Let c be ((-6)/z)/((-4)/28). Suppose w = 5*l - 244, c*l = 5*l - 5*w - 142. Is l a composite number?
True
Suppose i - 3*t - 275394 = -14779, 3*i = -3*t + 781821. Is i prime?
True
Suppose -v + 0*v + 4*u = -3, -2*v = 2*u - 6. Suppose -4*i - 22 = -v*i. Is (-101403)/(-209) - (-4)/i a composite number?
True
Let p(b) = -19*b - 7*b + 4 - 4 - 28*b + 3. Suppose 40 = -0*x - 4*x + 4*j, -2*j + 42 = -4*x. Is p(x) composite?
True
Is (17285/7)/(93/651) composite?
True
Let p = -736747 - -1102657. Suppose 0 = -16*m - 14*m + p. Is m prime?
True
Let q(v) = 5782*v**2 - 420*v + 13. Is q(4) a composite number?
True
Suppose 13*a - 30 = 8*a. Suppose 2*l - a = 5*u, -4*u - u = 5*l - 15. Suppose -3*b + 1096 + 341 = u. Is b composite?
False
Suppose -159*f + 165*f = 0. Suppose -p - 16*p + 3434 = f. Is p prime?
False
Let k(a) = a + 7. Suppose 3*z = 30 - 42. Let p be k(z). Suppose 7225 = 5*o - p*j - 2*j, -5*o - 4*j = -7189. Is o a composite number?
True
Suppose 0 = 5*a + n - 11, -4*n - 29 - 2 = -5*a. Is ((14357/(-28))/(-7))/(a/12) composite?
False
Let j = -287359 - -526170. Is j composite?
True
Let m = 114 - 115. Is 5717 + 0 + m + 7 a prime number?
False
Let z(o) = 33223*o - 15. Is z(2) a prime number?
True
Suppose -4*y = -2*f + 1432, y + 2919 = 4*f + 4*y. Let t = f - -1109. Is t prime?
False
Suppose -2*k + 2*k = -30*k + 3228690. Is k a prime number?
False
Let c be -622*(-4)/16*-6. Let l = 3052 + c. Is l composite?
True
Let i = 226 - 889. Let c = i - -1210. Suppose -c - 1355 = -3*p. Is p prime?
False
Let r = -12 - 0. Let z = r - -10. Is 4 - (z + (-50 - 2)) composite?
True
Suppose 77*c + 4431495 = 80262404. Is c prime?
True
Suppose 0*s + 8 = 2*s. Suppose -5*l + 2427 = s*i - 1681, -2*l = -8. Suppose -4*d = t - 1014, 0*t - i = -4*d - 5*t. Is d a composite number?
True
Let b(h) = 12*h - 11. Let v be b(2). Suppose v = 6*t - 41. Let i(u) = u**3 - 9*u**2 + 7*u - 8. Is i(t) a composite number?
True
Let j = -66 + -492. Is j/(-9)*134/4 composite?
True
Suppose k = 5*t + 58762, 103*t = 2*k + 101*t - 117564. Is k prime?
True
Let t = -788 - -791. Suppose 0 = -4*u - 0*u + 10880. Suppose 4*k + t*m - 697 = 3*k, 0 = -4*k + 5*m + u. Is k composite?
True
Suppose -2*g = m - 426667, -m = -12*g + 15*g - 426673. Is m composite?
True
Let p(r) be the third derivative of -r**6/120 + 13*r**5/60 - 13*r**4/24 + r**3 + r**2. Suppose -3*f = -2*d + 25, -2*d = d - 4*f - 35. Is p(d) composite?
True
Suppose -5*o + 180 = 175. Is ((24/(-3))/8)/(o/(-5979)) prime?
False
Let l(x) = 1440*x + 4. Let s(b) = 4321*b + 12. Let f(j) = 17*l(j) - 6*s(j). Let i be f(-4). Suppose i = 7*p + 1979. Is p prime?
False
Suppose -4*i - 5*g = -90747, -38*g + 36*g + 45376 = 2*i. Is i a composite number?
True
Suppose -249*x - 3*l = -244*x - 2344853, 4*x + 2*l = 1875880. Is x a composite number?
False
Let w be ((-78)/65)/(0 - (-2)/5). Is (176555/15)/((-1)/w) composite?
False
Suppose 56*d - 135158 = 159458. Is d a prime number?
True
Suppose 34*o + 45*o - 6608587 = 0. Is o composite?
False
Is 362/724 - (-43405)/2 a composite number?
True
Suppose 447*s = 452*s + u - 279251, -5*u = -s + 55819. Is s a composite number?
False
Suppose b + 275 = 5*b + 3*k, -4*k + 20 = 0. Suppose 0*y + b = 5*y. Let z(g) = 19*g**2 + 44*g + 10. Is z(y) composite?
False
Suppose 5*n = 3*k + 8*n - 259134, 4*k - 345507 = -5*n. Is k prime?
False
Let g(o) = -o**3 + 14*o**2 - 12*o - 5. Let b be g(13). Suppose -8*s - b - 144 = 0. Let l(i) = 3*i**2 + 20*i + 16. Is l(s) composite?
False
Suppose 0 = -2*k + 4, -889*h + 886*h + 339989 = 4*k. Is h prime?
True
Suppose 0 = -3*q - 2*q + 5*m + 345, 2*q = 4*m + 140. Suppose q*l = 70*l - 30. Suppose -l*w = -18*w + 10221. Is w a prime number?
True
Let s(r) = 1495*r**2 + 74*r + 25. Is s(-12) a composite number?
True
Suppose 23*q + 198067632 = 258*q + 101*q. Is q a composite number?
True
Suppose -48*v + 53*v = -2*t + 11710, 5*t + 5*v - 29275 = 0. Is t prime?
False
Suppose -4*h + 3*b - 159 = 0, -114 = -0*h + 3*h + 3*b. Let n = 44 + h. Suppose 1608 = n*g + 173. Is g composite?
True
Let p(c) = 3*c**2 - 8*c - 4. Let b be p(8). Suppose -2*l + b = -26. Let x = l - -38. Is x prime?
True
Suppose 0 = 3*t + 5*b - 105, 0*t = 4*t - b - 140. Let r be ((-22)/5 + 4)/((-2)/t). Is (-12)/42 + ((-1035)/r)/(-3) a prime number?
False
Let t(o) = -o**2 - 10*o + 38. Let f be t(-12). Let d be (-16)/28 - 6/f - -4. Suppose 966 = -d*j + 2997. Is j a composite number?
False
Suppose n = -4*n - 45. Let s(a) = 94*a - 162. Let i be s(7). Let f = n + i. Is f a composite number?
False
Let u(b) = 8361*b + 1424. Is u(7) a prime number?
True
Let c be 2/(-4*1/(-8)). Suppose 4*m + p - 803 = 0, -c*m - 4*p + 2*p + 806 = 0. Suppose k - 137 = m. Is k composite?
False
Suppose 9*p - 17212 = -17*p. Suppose o - 47 = p. Is o a prime number?
True
Let h be -14 + 5 + -12 + 25. Let l be (0/(-1))/(-2 + 3). Is 2/8 - ((-11043)/h + l) a prime number?
False
Is (-71873)/((2/(-14))/((-19)/(-133))) a prime number?
False
Let k = -391437 - -579430. Is k a prime number?
False
Let r(f) = -47*f**3 + 18*f**2 + 40*f + 13. Let v be r(-10). Let o = v + -14734. Is o a composite number?
False
Let y(g) = -g**3 - 9*g**2 - 10*g - 21. Let o = -139 - -131. Let i be y(o). Let j(u) = -63*u - 22. Is j(i) composite?
False
Let y(a) be the third derivative of 151/6*a**4 + 0*a + 28*a**2 - 7/6*a**3 + 0. Is y(2) a composite number?
False
Is -5 + 724690*13/((-390)/(-12)) a composite number?
False
Is (-171)/(-114) - (178055/(-2))/5 composite?
False
Let q = 42 + -37. Suppose 10*s = q*s + 10. Suppose -3*g + 1895 = s*g. Is g a prime number?
True
Suppose -391*q + 396*q = 2*l - 81903, 4*q = -3*l + 122843. Is l a prime number?
True
Let m(y) = -2*y**2 - 4*y + 29. Let u be m(-27). Let d = u - -2108. Is d a composite number?
False
Suppose -19*i = -15*i - 8. Suppose 5*n = -5*q + 3805, q - 761 = -2*n - i*n. Suppose 10*v - 4169 = q. Is v a composite number?
True
Suppose -20*c - 56 = -19*c. Let k = -59 - c. Is (43/(-2) - k)*-22 a composite number?
True
Let k be (-3)/(54/1446)*-15. Let f = 5264 + k. Is f prime?
True
Suppose -2*z - 4*s + 12 = 0, -z + 4*s - 4 = s. Suppose -11*b + 15*b = y + 13488, z*y + 8 = 0. Is b composite?
False
Let a(y) = 256*y**2 - 40*y + 183. Let q(j) = -j**2 - 3*j + 15. Let l be q(-5). Is a(l) composite?
True
Suppose -n - 5*n + 24 = 0. Suppose -3*k = -k - n*b + 16, -3*k + b = 29. Let u(y) = -41*y + 9. Is u(k) prime?
True
Suppose -6*v - 6216 = 2*x - 5*x, -15 = -5*v. Is x a composite number?
True
Let d(p) = -p**3 + p**2 + 6*p + 2. Let u be d(8). Let i = -247 - u. Let t = 364 + i. Is t a prime number?
False
Let i(v) = 8*v**2 + 24*v + 27. Suppose 46 = -2*u - 4*h, 2*u - 2*h = -24 + 8. Is i(u) a prime number?
False
Suppose 32*v - 3791987 - 16723264 - 12690413 = 0. Is v composite?
False
Suppose 12 = 4*z + 2*z. Let m(a) = 52*a**3 - 2*a**2 + 3*a - 1. Let g be m(z). Suppose 4*f + 635 = 4*w + w, -4*f = 3*w - g. Is w a composite number?
False
Let s be 34588/6 + 2/(-3). Let y be (0 + -5)/((-22)/s). Suppose 3*t = -2*t + y. Is t a prime number?
False
Let n be 15/(-25)*-5 + -1. Let l(t) = 469*t**3 - 9*t**2 - 2*t - 9. Let h(x) = 156*x**3 - 3*x**2 - x - 3. Let m(q) = -8*h(q) + 3*l(q). Is m(n) composite?
True
Let r(z) = -z**2 + 11*z. Let d be r(10). Let x(h) = -220*h**2 + 106*h**2 + 110*h**2 - 15 + 21*h + 2*h**3. Is x(d) a composite number?
True
Let t(j) = 2181*j + 189. Let q(y) = -218*y - 19. Let w(m) = -21*q(m) - 2*t(m). Let b be w(12). Suppose 0 = 4*f - 3*a - 5045, 3*a = -4*f + 2414 + b. Is f prime?
True
Suppose 23*p - 125330 - 168846 = -9*p. Is p a composite number?
True
Let j = -26 + 27. Let v(l) = -7*l + j + l**2 + 34 + 102*l**2. Is v(4) composite?
True
Let f = 240750 - 101217. Is f composite?
True
Let d(b) = 679*b**2 - 35 - 18*b - 27*b - 8 + 8 + 14*b. Is d(-6) a composite number?
True
Let k(u) be the second derivative of u**7/315 - u**6/180 - 23*u**5/120 + u**4/4 + 6*u. Let g(y) be the third derivative of k(y). Is g(-8) a composite number?
False
Let q be (-10)/(-5) - (-42)/(-3). Let i(s) = s**2 + 9*s - 33. Let b be i(q). Suppose b*u + 0*u + 3*j = 204, 0 = -u + j + 70. Is u composite?
True
Suppose 162*p - 179*p + 4520405 = 1194202. Is p a composite number?
False
Let a = -169 - -141. Is ((-959)/a)/(0 + 2/24) composite?
True
Let u = 62 - 17.